2*k - 3640 = 3*k. Let u be k/65 - 2/(-10). What is the tens digit of 36/1 + (-9 - u)?
3
Let p be (-10 - -291) + (3 - -1). Suppose p = -2*t + 7*t. What is the units digit of t?
7
Suppose -5*a + 2*x + 0*x + 2990 = 0, 3*a = -3*x + 1794. What is the units digit of a?
8
Suppose 5*o + 250 = -2*c, 0*c + 10 = -2*c. Let v = -42 - o. What is the units digit of v?
6
Let s be ((-4170)/(-20))/(3/4). Suppose 7*m - 485 = s. What is the hundreds digit of m?
1
What is the hundreds digit of (18/(-36))/(3/(-6066))?
0
Suppose k + 10 = -l + 5*l, -3*k - 30 = 5*l. What is the tens digit of (-40)/6*k/(140/231)?
1
Let g(v) = -v**3 - 5*v**2 - 6*v + 2. Let k be g(-4). Suppose 36 = a + k. Let f = -21 + a. What is the units digit of f?
5
Suppose -4784 = -4*d + 4*j, 11*d - 7*d + 5*j - 4802 = 0. What is the units digit of d?
8
Let f = 2587 - 1525. What is the hundreds digit of f?
0
Let m = 11 + -8. Suppose 5*j = -3*r + 142, 3*r + 4*j - m*j - 146 = 0. What is the tens digit of r?
4
What is the thousands digit of 5/((-1)/(-8) - 5356/43680)?
2
Let r(d) = -2*d - 9. Let o be r(-5). Let w be o*(3 - 4)*-34. Suppose 2 = -v + w. What is the units digit of v?
2
Let b(p) = -p + 4. Let u be b(-7). Suppose 6 = -4*x + t, -3*t = 4*x - t. What is the units digit of x*(-4)/4*u?
1
Let m(j) = 9*j**2 - 11*j - 1. Let c = -94 + 99. What is the units digit of m(c)?
9
Let p = 43 + -41. Suppose 0 = -p*u - u + 2*z + 118, -2*z = -5*u + 198. What is the units digit of u?
0
Let u be 818/(-4)*-2 + -30 + 33. Let o = -232 + u. What is the hundreds digit of o?
1
Let n(f) = f**2 - 1. Let y(t) = 15*t**2 - t - 10. Let g(a) = -4*n(a) + y(a). What is the hundreds digit of g(-4)?
1
Let q(l) = -4*l**2 - 2*l + 1. Let y be q(-2). Let i = 20 + y. Suppose 0 = -5*j - 2*h + 19, -5*h + 10 = 3*j - i. What is the units digit of j?
3
Let c = -1636 + 1086. Let q = 796 + c. What is the units digit of q?
6
Let s(a) = -55*a**3. Let j be s(1). Let d(r) = r**2 - 23*r + 26. Let q be d(9). Let i = j - q. What is the tens digit of i?
4
Let t be 4/6 + 62/6. Suppose -p - l = 4*l - t, -l = p - 11. What is the units digit of p?
1
Suppose 4*x + 1596 = 3*g, g = -4*x + 154 + 394. What is the units digit of g/3 + (-1)/(-3)?
9
Let d(z) = 2*z - 11. Let h be d(8). Suppose 0*u = u - h. Suppose -3*b + 282 = u*a + 82, 154 = 3*a - 5*b. What is the tens digit of a?
4
Let b(p) be the second derivative of 1/20*p**5 - 1/3*p**4 + 4*p + 0 + 7/2*p**2 - 2/3*p**3. What is the tens digit of b(5)?
1
Suppose w + 4*i = -16, -4*i - 20 = -5*w + i. Suppose 0 = -6*v - w*v + 12. Suppose 2*l + k - 98 = 0, -l - 6 = v*k - 49. What is the tens digit of l?
5
What is the hundreds digit of (-4)/(-26) - (-10 + 22113/(-169))?
1
Let b(m) = -m**3 - 10*m**2 - 2*m. Let x be b(-7). Let i = -158 + 72. Let j = i - x. What is the tens digit of j?
4
Let s = -846 + 466. Let v = s + 673. What is the units digit of v?
3
Let t(i) = -i**2 + 14*i - 1. Let b(h) = h**2 - 6*h - 5. Let o be 3/(-6) + 34/4. Let d be b(o). What is the units digit of t(d)?
2
Suppose t = 5*t. Suppose 4*g - 7 - 9 = -2*x, 0 = 3*g + 2*x - 12. Suppose t = -g*d + 4*o + 8, 0 = o - 4*o + 12. What is the units digit of d?
6
Suppose 3*a - 12 = -3*o - 2*a, a - 15 = -2*o. Let r be (30/o)/((-3)/(-216)). Suppose -d + r = 7*d. What is the tens digit of d?
3
Let i = -13 + 16. What is the tens digit of (13/(-2))/(0 - i/6)?
1
Suppose 3*z + 4*j = 1088, -20 = 2*j + 3*j. What is the hundreds digit of z?
3
Let k(m) be the second derivative of m**4/12 + m**3/2 + 4*m**2 - 3*m. What is the units digit of k(-9)?
2
Suppose 3*q - 4*t = 8230, 5*q - 10686 = -5*t + 3089. What is the hundreds digit of q?
7
Suppose -20*q + 19*q = -1. What is the tens digit of (1 - (-93 + 4)) + (q - 4)?
8
Let m be 11 - 7 - (0 + 0). Suppose 34 + 186 = m*o. What is the tens digit of o?
5
Let w = 6 + 12. Suppose -4 - w = 2*g. Let r = 18 - g. What is the units digit of r?
9
Let g(c) be the first derivative of -51*c**2/2 - c + 3. Let a be g(-3). Suppose -a = -4*k - 40. What is the tens digit of k?
2
Let b(i) = i**3 - 4*i**2 + 3*i - 1. Let n(d) = d**2 - 12*d + 4. Let t be n(12). Let v be b(t). Suppose 7*h + 276 = v*h. What is the units digit of h?
9
Let b be (5 + 0)*(-294)/70. Let n be (-3 - 0) + 4 - b. Let k = 13 + n. What is the tens digit of k?
3
Let s(f) = -f**3 - 18*f**2 - 9*f + 24. Suppose -4*u = -3*t - 74, 4*u - 10 = -2*t - 26. What is the tens digit of s(t)?
8
Let h = -9 - -12. Suppose -6*q = -h*q - 297. Let u = q - 68. What is the units digit of u?
1
Let k = 42 - 14. Let d = k + 10. Let i = d - 24. What is the units digit of i?
4
Suppose -37*x + 42*x = -30. Let n(v) = v**3 + 6*v**2 - 4*v - 3. What is the units digit of n(x)?
1
Let z be (-26)/(-4)*(12 + -14). Let m(h) = -3*h + 15. What is the tens digit of m(z)?
5
Suppose -3*h - 38 = -1598. What is the tens digit of h?
2
Suppose -4*p + 120 = 6*l - 3*l, 3*l + 150 = 5*p. What is the units digit of p?
0
Let r(g) = g**2 - 2*g - 1. Suppose 6*m - 9*m = 3. Let h be r(m). Suppose -45 = -3*k - h*u, -k + 4*u - 45 = -4*k. What is the units digit of k?
5
Let s(m) = -3 - 1 + 9*m**2 + 1 + 4. Let g be s(-3). Let f = g + -55. What is the tens digit of f?
2
Suppose 2*j - 2*x = 3*x + 649, -2*j + 646 = -4*x. Suppose v - 864 = -2*s - j, s + 2*v - 281 = 0. What is the units digit of s?
1
Let z(n) be the third derivative of n**4/12 + 92*n**3/3 - n**2. Let h be z(0). Suppose -b - 20 = -4*y + h, y - b = 48. What is the tens digit of y?
5
Let f be (-2 - -3)*-34 - -1. Let w = f + 53. Let v = w + 1. What is the units digit of v?
1
Let n = -1061 - -1963. What is the tens digit of n?
0
Let r = 2025 + -1296. What is the hundreds digit of r?
7
Let w(d) = -d**2 - 10*d - 4. Let u be w(-4). Let j = u + -12. Let t = j + 0. What is the units digit of t?
8
Let q(y) = y**3 + 7*y**2 - 3*y + 8. Let r be q(-7). Suppose 3*x + r = 134. Suppose x = i + 11. What is the tens digit of i?
2
Suppose -6*n = -45 - 51. Suppose 0 = 11*f - n*f + 10. Suppose -3*l + f*b + 1 = 0, -b + 4 = 2*l + l. What is the units digit of l?
1
Suppose 2*m + n - 39 = 0, 0 = 2*m + 2*n - 53 + 15. Suppose -5*h + m = -3*h. Let x(z) = z + 2. What is the units digit of x(h)?
2
Let y be (30/4)/(-1) - 1/(-2). What is the tens digit of (y - 1)*3*(-52)/16?
7
Suppose -5*d + 5*s = -8*d + 515, -3*d + s + 491 = 0. What is the hundreds digit of d?
1
Suppose -318*g + 6510 = -308*g. What is the tens digit of g?
5
Suppose -6 = -3*y - 0. Suppose 0 = -y*g + 3*g - 4. Suppose -3*a + 2*a = t + 2, 12 = -g*t - 5*a. What is the units digit of t?
2
Suppose -420 = -24*z + 20*z. Suppose 0*m = 5*m - z. Let t = 60 - m. What is the units digit of t?
9
Let c(g) = 2*g + 8*g**2 + 4*g**3 + 8*g**2 - 5*g**3 - 15. Let y = 27 - 11. What is the tens digit of c(y)?
1
Suppose 2*t - 205 = -49. Let m = t - -115. What is the hundreds digit of m?
1
Let z(b) = -b + 2. Let g be z(0). Let n be (26/(-1))/(g - 3). Suppose -n = 3*p - 5*p. What is the tens digit of p?
1
Let z = -251 + 254. Let y(b) be the first derivative of 4*b**2 + 3*b - 1. What is the tens digit of y(z)?
2
Suppose 4*w + 4 = -4*u - 4, -4 = w. Suppose u*l - 48 = 162. What is the units digit of l?
5
Let i be (-6)/(-24) + 3/4. Suppose 5*f - i = 339. What is the tens digit of f?
6
Suppose 4*s = -5*v - 175, v + 2*s - 52 = 3*v. Let f = v + 46. What is the units digit of f?
5
Suppose -5*y + 1 + 19 = -w, 0 = 2*y + 5*w - 8. Suppose -58 = -3*r - 3*f + 482, 4*r - y*f = 728. What is the tens digit of r?
8
Suppose 0 = -27*s + 10284 + 6618. What is the units digit of s?
6
Let w be 4/(0 + 4)*40. Let a = w + 0. Let u = a - 38. What is the units digit of u?
2
Suppose -566 = -5*c - 4*y, -3*c + 6*y - 4*y = -322. Let g = c - 26. What is the tens digit of g?
8
Let c = 25 + -3. Suppose c*z + 5 = 23*z. What is the units digit of z?
5
Suppose 26 = -4*f + 314. What is the units digit of 7 + 1/(-4) + f/32?
9
Suppose p + 2 = 0, 2*p - 8 = -5*x + 58. Suppose -4 = a - 3*y - 0*y, -2*a - 5*y = -x. Suppose -a*w + 10 + 42 = 0. What is the tens digit of w?
2
Suppose -2645 = -5*c + 3*y, c - 11*y = -7*y + 512. What is the tens digit of c?
3
Let s(q) = 105*q**2 + 6*q + 4. Let t(m) = 211*m**2 + 11*m + 7. Let p(l) = -7*s(l) + 4*t(l). What is the units digit of p(1)?
1
What is the units digit of 87*15*(-8)/(-36)?
0
Suppose 1 = 2*y - 5. Suppose -3*m = -5*g + 17, -12 = -y*m + 6*m. What is the units digi